{"id":73,"date":"2018-02-08T23:44:32","date_gmt":"2018-02-08T22:44:32","guid":{"rendered":"http:\/\/mars-chiens07.com\/?page_id=73"},"modified":"2019-01-06T19:13:46","modified_gmt":"2019-01-06T18:13:46","slug":"lentrainement","status":"publish","type":"page","link":"http:\/\/mars-chiens07.com\/?page_id=73","title":{"rendered":"L&rsquo;entra\u00eenement"},"content":{"rendered":"<p>Un entra\u00eenement r\u00e9gulier est la clef de la r\u00e9ussite pour un bin\u00f4me ma\u00eetre\/chien. Il a lieu, pour l&rsquo;\u00e9quipe cynophile, un apr\u00e8s-midi par semaine pratiquement toute l&rsquo;ann\u00e9e. Il s&rsquo;agit d&rsquo;entra\u00eener le chien, mais surtout le ma\u00eetre. Celui-ci doit \u00eatre capable de suivre son chien sur tous les terrains et par tous les temps. Il n&rsquo;est pas rare de parcourir une dizaine de km \u00e0 travers champs, bois. Mais aussi d&rsquo;avoir \u00e0 traverser un roncier, un ruisseau, d&rsquo;avoir \u00e0 porter le chien pour franchir un obstacle. Actuellement, quatre bin\u00f4mes maitre\/chien sont op\u00e9rationnels. Il ont d\u00e9j\u00e0 collabor\u00e9 de nombreuses fois avec la Gendarmerie Nationale avec succ\u00e8s. Trois autres\u00a0 sont en apprentissage.<\/p>\n","protected":false},"excerpt":{"rendered":"<p>Un entra\u00eenement r\u00e9gulier est la clef de la r\u00e9ussite pour un bin\u00f4me ma\u00eetre\/chien. Il a lieu, pour l&rsquo;\u00e9quipe cynophile, un apr\u00e8s-midi par semaine pratiquement toute l&rsquo;ann\u00e9e. Il s&rsquo;agit d&rsquo;entra\u00eener le chien, mais surtout le ma\u00eetre. Celui-ci doit \u00eatre capable de<\/p>\n","protected":false},"author":1,"featured_media":0,"parent":69,"menu_order":0,"comment_status":"closed","ping_status":"closed","template":"","meta":[],"_links":{"self":[{"href":"http:\/\/mars-chiens07.com\/index.php?rest_route=\/wp\/v2\/pages\/73"}],"collection":[{"href":"http:\/\/mars-chiens07.com\/index.php?rest_route=\/wp\/v2\/pages"}],"about":[{"href":"http:\/\/mars-chiens07.com\/index.php?rest_route=\/wp\/v2\/types\/page"}],"author":[{"embeddable":true,"href":"http:\/\/mars-chiens07.com\/index.php?rest_route=\/wp\/v2\/users\/1"}],"replies":[{"embeddable":true,"href":"http:\/\/mars-chiens07.com\/index.php?rest_route=%2Fwp%2Fv2%2Fcomments&post=73"}],"version-history":[{"count":3,"href":"http:\/\/mars-chiens07.com\/index.php?rest_route=\/wp\/v2\/pages\/73\/revisions"}],"predecessor-version":[{"id":107,"href":"http:\/\/mars-chiens07.com\/index.php?rest_route=\/wp\/v2\/pages\/73\/revisions\/107"}],"up":[{"embeddable":true,"href":"http:\/\/mars-chiens07.com\/index.php?rest_route=\/wp\/v2\/pages\/69"}],"wp:attachment":[{"href":"http:\/\/mars-chiens07.com\/index.php?rest_route=%2Fwp%2Fv2%2Fmedia&parent=73"}],"curies":[{"name":"wp","href":"https:\/\/api.w.org\/{rel}","templated":true}]}}